{"id":13,"date":"2022-08-23T16:49:34","date_gmt":"2022-08-23T14:49:34","guid":{"rendered":"https:\/\/www.barbara-radinger.com\/Kunst\/?page_id=13"},"modified":"2025-03-31T12:02:48","modified_gmt":"2025-03-31T10:02:48","slug":"biografie","status":"publish","type":"page","link":"https:\/\/www.barbara-radinger.com\/Kunst\/biografie\/","title":{"rendered":"Biografie"},"content":{"rendered":"\n<div class=\"wp-block-columns is-layout-flex wp-container-core-columns-is-layout-9d6595d7 wp-block-columns-is-layout-flex\">\n<div class=\"wp-block-column is-layout-flow wp-block-column-is-layout-flow\">\n<p>Geboren in Limbach-Oberfrohna Sachsen<br>Mittlere Reife, Fachabitur sozialer Zweig,&nbsp;<br>Mag. Studium Literaturwissenschaft, Fernuniversitaet Hagen, Kunststudium Akademie Faber Castell, N\u00fcrnberg.<\/p>\n\n\n\n<p>Fr\u00fches Aktzeichnen in einer Hochschulgruppe Salzburg 1980 \u2013 1995 berufliche Besch\u00e4ftigung mit Mode Design Entwurf, Anfertigung und Styling bei den Fotoarbeiten im In- und Ausland. K\u00fcnstlerische Leitung, in Zusammenarbeit mit der Fa. Phildar, auch Burda und Verena. &nbsp;<\/p>\n\n\n\n<p>Fortw\u00e4hrend Kurse an der Reichenhaller Kunstakademie Schwerpunkte menschlicher K\u00f6rper Zeichnen, Malen und Skulptur u. a.bei Sigi Braun, Profs. Darda, Schmegner u. a.<\/p>\n\n\n\n<p>Mitglied der Berufsgemeinschaft bildender K\u00fcnstler, Salzburg w\u00e4hrend meiner Zeit in Bad Reichenhall, Gemeinschaftliche Kunstgalerie in Gro\u00dfgmain \u201ezum alten Adeg\u201c<\/p>\n<\/div>\n\n\n\n<div class=\"wp-block-column is-layout-flow wp-block-column-is-layout-flow\">\n<figure class=\"wp-block-image size-full\"><img loading=\"lazy\" decoding=\"async\" width=\"683\" height=\"1024\" src=\"https:\/\/www.barbara-radinger.com\/Kunst\/wp-content\/uploads\/2022\/10\/Barbara-Radinger.jpg\" alt=\"Barbara Radinger\" class=\"wp-image-430\" srcset=\"https:\/\/www.barbara-radinger.com\/Kunst\/wp-content\/uploads\/2022\/10\/Barbara-Radinger.jpg 683w, https:\/\/www.barbara-radinger.com\/Kunst\/wp-content\/uploads\/2022\/10\/Barbara-Radinger-200x300.jpg 200w\" sizes=\"auto, (max-width: 683px) 100vw, 683px\" \/><\/figure>\n<\/div>\n<\/div>\n\n\n\n<p>Mein Haupt Medium in der Malerei ist Acryl, dabei gerne hochpigmentiertes fl\u00fcssiges Acryl. Aber auch andere Malmittel kommen zum Einsatz.&nbsp;Meine Motive w\u00e4hle ich vorwiegend aus dem Bereich fig\u00fcrlicher, bzw. menschlicher Darstellung, wobei der mir eigene Ausdruck aus dem gestischen Malprozess resultiert. Die meist starke Farbigkeit unterstreicht den expressiven Charakter.<\/p>\n\n\n\n<p>Meine Erfahrungen \u00fcber Proportionen des menschlichen K\u00f6rpers verwende ich in letzter Zeit auch in der Plastik.<\/p>\n\n\n\n<p>Meine Anlage Proportionen schnell zu erfassen und meine Liebe zu meiner zweiten Heimat Mallorca, lassen mich hier auch Landschaften und Stadtszenen erarbeiten.<\/p>\n\n\n\n<p>Immer wieder gebe ich Seminare mit Mittelpunkt menschlicher K\u00f6rper.<\/p>\n\n\n\n<p>In einem neuen Projekt arbeite ich mit einem Fotografen zusammen. In Ich \u00fcbermale seine auf Leinwand gedruckten Bilder.<\/p>\n\n\n\n<p>Ausstellungen in Deutschland,&nbsp; \u00d6sterreich, Spanien<br>Ausstellungsbeteiligung in den baltischen Laendern, Vilinus<\/p>\n\n\n\n<p>Ank\u00e4ufe u. a. Bayer. Staat,&nbsp; Justiz | Jens Stoltenberg, Generalsekret\u00e4r der UNO, Bruessel<\/p>\n\n\n\n<div style=\"height:25px\" aria-hidden=\"true\" class=\"wp-block-spacer\"><\/div>\n\n\n\n<p><strong>Auswahl an Ausstellungen<\/strong><\/p>\n\n\n\n<p><strong>2003 &nbsp; <\/strong>Kunstgericht Justizzenzrum Traunstein<\/p>\n\n\n\n<p><strong>2005<\/strong>.&nbsp; Alt\/Neu Art BV, Berchtoldvilla Salzburg<\/p>\n\n\n\n<p><strong>2005 &nbsp; <\/strong>6+2, Art BV, Berchtoldvilla Salzburg<\/p>\n\n\n\n<p><strong>2005<\/strong> &nbsp; Festspielzeit, Art BV \u2026.<\/p>\n\n\n\n<p><strong>2006 &nbsp; <\/strong>Mensch im Bild II, Altes Feuerhaus Bad Reichenhall<\/p>\n\n\n\n<p><strong>2007<\/strong> &nbsp; BARBARA RADINGER San Salvador, Art\u00e0<\/p>\n\n\n\n<p><strong>2006 <\/strong>-2008&nbsp; lfd. Ausstellungen Galerie zum Alten Adeg, Gro\u00dfgmain<\/p>\n\n\n\n<p><strong>2008&nbsp; &nbsp; <\/strong>6+2 Art BV Salzburg<\/p>\n\n\n\n<p><strong>2009<\/strong> &nbsp; Export Art BV \u2026<\/p>\n\n\n\n<p><strong>2009 &nbsp; <\/strong>BARBARA RADINGER Galerie Altes Feuerhaus Bad Reichenhall<\/p>\n\n\n\n<p><strong>2011 \u2013 2015<\/strong> kleinere Ausstellungen\u00a0 auf Mallorca und Ausstellungsbeteiligungen in der ART BV in Salzburg<\/p>\n\n\n\n<p><strong>2016 <\/strong>Centre Melis Cursach, Cap de Pera, Mallorca | Mujeres \u2013 Hombres \u2013 Emociones<\/p>\n\n\n\n<p><strong>2017 <\/strong>Cuatre cantons, Art\u00e0, Mallorca | FEMAL AFFAIRES<\/p>\n\n\n\n<p><strong>2018 <\/strong>Na Batlessa + Finca Sa Garanga , Art\u00e0, Mallorca | DOS SITIOS<\/p>\n\n\n\n<p><strong>2019 <\/strong>NIT DE ART,&nbsp;Can cabestre, Felanix, Mallorca&nbsp;<\/p>\n\n\n\n<p><strong>Seit 2020<\/strong> Aufbau einer Atelier Galerie in Art\u00e0 Mallorca | Galeria VEINTICUATRO<\/p>\n\n\n\n<p><strong>2021<\/strong> LOS DOS im Centre Melis Cursach in Capdepera, Mallorca&nbsp;<\/p>\n\n\n\n<p><strong>2024<\/strong> (29. M\u00e4rz &#8211; 31. April) Ausstellung im Cafe Parisien, Arta, Mallorca | Aktskizzen, Aktzeichnungen und Portraits<\/p>\n\n\n\n<p>\u00a0<\/p>\n","protected":false},"excerpt":{"rendered":"<p>Geboren in Limbach-Oberfrohna SachsenMittlere Reife, Fachabitur sozialer Zweig,&nbsp;Mag. Studium Literaturwissenschaft, Fernuniversitaet Hagen, Kunststudium Akademie Faber Castell, N\u00fcrnberg. Fr\u00fches Aktzeichnen in einer Hochschulgruppe Salzburg 1980 \u2013 1995 berufliche Besch\u00e4ftigung mit Mode Design Entwurf, Anfertigung und Styling bei den Fotoarbeiten im In- und Ausland. K\u00fcnstlerische Leitung, in Zusammenarbeit mit der Fa. Phildar, auch Burda und Verena. &nbsp;<\/p>\n<div><a class=\"btn-filled btn\" href=\"https:\/\/www.barbara-radinger.com\/Kunst\/biografie\/\" title=\"Biografie\">Weiterlesen<\/a><\/div>\n","protected":false},"author":1,"featured_media":0,"parent":0,"menu_order":0,"comment_status":"closed","ping_status":"closed","template":"","meta":{"footnotes":""},"class_list":["post-13","page","type-page","status-publish","hentry"],"guten_post_layout_featured_media_urls":{"full":false,"thumbnail":false,"medium":false,"medium_large":false,"large":false,"1536x1536":false,"2048x2048":false,"guten_post_layout_landscape_large":false,"guten_post_layout_portrait_large":false,"guten_post_layout_square_large":false,"guten_post_layout_landscape":false,"guten_post_layout_portrait":false,"guten_post_layout_square":false,"shapely-full":false,"shapely-featured":false,"shapely-grid":false},"_links":{"self":[{"href":"https:\/\/www.barbara-radinger.com\/Kunst\/wp-json\/wp\/v2\/pages\/13","targetHints":{"allow":["GET"]}}],"collection":[{"href":"https:\/\/www.barbara-radinger.com\/Kunst\/wp-json\/wp\/v2\/pages"}],"about":[{"href":"https:\/\/www.barbara-radinger.com\/Kunst\/wp-json\/wp\/v2\/types\/page"}],"author":[{"embeddable":true,"href":"https:\/\/www.barbara-radinger.com\/Kunst\/wp-json\/wp\/v2\/users\/1"}],"replies":[{"embeddable":true,"href":"https:\/\/www.barbara-radinger.com\/Kunst\/wp-json\/wp\/v2\/comments?post=13"}],"version-history":[{"count":17,"href":"https:\/\/www.barbara-radinger.com\/Kunst\/wp-json\/wp\/v2\/pages\/13\/revisions"}],"predecessor-version":[{"id":1145,"href":"https:\/\/www.barbara-radinger.com\/Kunst\/wp-json\/wp\/v2\/pages\/13\/revisions\/1145"}],"wp:attachment":[{"href":"https:\/\/www.barbara-radinger.com\/Kunst\/wp-json\/wp\/v2\/media?parent=13"}],"curies":[{"name":"wp","href":"https:\/\/api.w.org\/{rel}","templated":true}]}}